{"id":27,"date":"2014-01-06T11:50:03","date_gmt":"2014-01-06T09:50:03","guid":{"rendered":"http:\/\/derdiedaslernen.de\/?page_id=27"},"modified":"2019-08-21T12:40:44","modified_gmt":"2019-08-21T11:40:44","slug":"impressum","status":"publish","type":"page","link":"https:\/\/www.derdiedaslernen.de\/?page_id=27","title":{"rendered":"Impressum"},"content":{"rendered":"<p><strong>derdiedasLernen<\/strong><br \/>\nLernf\u00f6rderung &amp; integrative Lerntherapie<br \/>\nJ\u00f6rg M\u00f6llmeier<br \/>\nUbostra\u00dfe 25<br \/>\n49477 Ibbenb\u00fcren<\/p>\n<p><strong>Kontakt<\/strong><br \/>\nTel. 0 170 \/ 48 95 700<br \/>\nE-Mail: info@derdiedaslernen.de<\/p>\n<p><strong>Steuernummer<\/strong><br \/>\nSt.-Nr. 327 \/ 5148 \/ 1163<\/p>\n<p><strong>Konzept<\/strong><br \/>\n<a title=\"LogicalConcepts\" href=\"http:\/\/www.logical-concepts.de\" target=\"_blank\">Logical Concepts<\/a><\/p>\n<p><strong>Quellenangaben f\u00fcr die verwendeten Bilder und Grafiken:<\/strong><\/p>\n<p><a title=\"Kzenon - Fotolia\" href=\"http:\/\/de.fotolia.com\/id\/60243325\" target=\"_blank\">\u00a9 Kzenon &#8211; Fotolia.com<br \/>\n<\/a><a title=\"Andrey Kiselev\" href=\"http:\/\/de.fotolia.com\/id\/58509093\" target=\"_blank\">\u00a9 Andrey Kiselev &#8211; Fotolia.com<\/a><\/p>\n<p><strong>Haftung f\u00fcr Inhalte<br \/>\n<\/strong>Die Inhalte unserer Seiten wurden mit gr\u00f6\u00dfter Sorgfalt erstellt. F\u00fcr die Richtigkeit, Vollst\u00e4ndigkeit und Aktualit\u00e4t der Inhalte k\u00f6nnen wir jedoch keine Gew\u00e4hr \u00fcbernehmen. Als Diensteanbieter sind wir gem\u00e4\u00df \u00a7 7 Abs.1 TMG f\u00fcr eigene Inhalte auf diesen Seiten nach den allgemeinen Gesetzen verantwortlich. Nach \u00a7\u00a7 8 bis 10 TMG sind wir als Diensteanbieter jedoch nicht verpflichtet, \u00fcbermittelte oder gespeicherte fremde Informationen zu \u00fcberwachen oder nach Umst\u00e4nden zu forschen, die auf eine rechtswidrige T\u00e4tigkeit hinweisen. Verpflichtungen zur Entfernung oder Sperrung der Nutzung von Informationen nach den allgemeinen Gesetzen bleiben hiervon unber\u00fchrt. Eine diesbez\u00fcgliche Haftung ist jedoch erst ab dem Zeitpunkt der Kenntnis einer konkreten Rechtsverletzung m\u00f6glich. Bei Bekanntwerden von entsprechenden Rechtsverletzungen werden wir diese Inhalte umgehend entfernen.<\/p>\n<p><strong>Haftung f\u00fcr Links<\/strong><br \/>\nUnser Angebot enth\u00e4lt Links zu externen Webseiten Dritter, auf deren Inhalte wir keinen Einfluss haben. Deshalb k\u00f6nnen wir f\u00fcr diese fremden Inhalte auch keine Gew\u00e4hr \u00fcbernehmen. F\u00fcr die Inhalte der verlinkten Seiten ist stets der jeweilige Anbieter oder Betreiber der Seiten verantwortlich. Die verlinkten Seiten wurden zum Zeitpunkt der Verlinkung auf m\u00f6gliche Rechtsverst\u00f6\u00dfe \u00fcberpr\u00fcft. Rechtswidrige Inhalte waren zum Zeitpunkt der Verlinkung nicht erkennbar. Eine permanente inhaltliche Kontrolle der verlinkten Seiten ist jedoch ohne konkrete Anhaltspunkte einer Rechtsverletzung nicht zumutbar. Bei Bekanntwerden von Rechtsverletzungen werden wir derartige Links umgehend entfernen.<\/p>\n<p><strong>Urheberrecht<br \/>\n<\/strong>Die durch die Seitenbetreiber erstellten Inhalte und Werke auf diesen Seiten unterliegen dem deutschen Urheberrecht. Die Vervielf\u00e4ltigung, Bearbeitung, Verbreitung und jede Art der Verwertung au\u00dferhalb der Grenzen des Urheberrechtes bed\u00fcrfen der schriftlichen Zustimmung des jeweiligen Autors bzw. Erstellers. Downloads und Kopien dieser Seite sind nur f\u00fcr den privaten, nicht kommerziellen Gebrauch gestattet. Soweit die Inhalte auf dieser Seite nicht vom Betreiber erstellt wurden, werden die Urheberrechte Dritter beachtet. Insbesondere werden Inhalte Dritter als solche gekennzeichnet. Sollten Sie trotzdem auf eine Urheberrechtsverletzung aufmerksam werden, bitten wir um einen entsprechenden Hinweis. Bei Bekanntwerden von Rechtsverletzungen werden wir derartige Inhalte umgehend entfernen.<\/p>\n","protected":false},"excerpt":{"rendered":"<p>derdiedasLernen Lernf\u00f6rderung &amp; integrative Lerntherapie J\u00f6rg M\u00f6llmeier Ubostra\u00dfe 25 49477 Ibbenb\u00fcren Kontakt Tel. 0 170 \/ 48 95 700 E-Mail: info@derdiedaslernen.de Steuernummer St.-Nr. 327 \/ 5148 \/ 1163 Konzept Logical Concepts Quellenangaben f\u00fcr die verwendeten Bilder und Grafiken: \u00a9 Kzenon &#8211; Fotolia.com \u00a9 Andrey Kiselev &#8211; Fotolia.com Haftung f\u00fcr Inhalte Die Inhalte unserer Seiten wurden &hellip;<br \/><a href=\"https:\/\/www.derdiedaslernen.de\/?page_id=27\">Read more <span class=\"meta-nav\">&rarr;<\/span><\/a><\/p>\n","protected":false},"author":1,"featured_media":0,"parent":0,"menu_order":0,"comment_status":"closed","ping_status":"open","template":"","meta":[],"_links":{"self":[{"href":"https:\/\/www.derdiedaslernen.de\/index.php?rest_route=\/wp\/v2\/pages\/27"}],"collection":[{"href":"https:\/\/www.derdiedaslernen.de\/index.php?rest_route=\/wp\/v2\/pages"}],"about":[{"href":"https:\/\/www.derdiedaslernen.de\/index.php?rest_route=\/wp\/v2\/types\/page"}],"author":[{"embeddable":true,"href":"https:\/\/www.derdiedaslernen.de\/index.php?rest_route=\/wp\/v2\/users\/1"}],"replies":[{"embeddable":true,"href":"https:\/\/www.derdiedaslernen.de\/index.php?rest_route=%2Fwp%2Fv2%2Fcomments&post=27"}],"version-history":[{"count":9,"href":"https:\/\/www.derdiedaslernen.de\/index.php?rest_route=\/wp\/v2\/pages\/27\/revisions"}],"predecessor-version":[{"id":113,"href":"https:\/\/www.derdiedaslernen.de\/index.php?rest_route=\/wp\/v2\/pages\/27\/revisions\/113"}],"wp:attachment":[{"href":"https:\/\/www.derdiedaslernen.de\/index.php?rest_route=%2Fwp%2Fv2%2Fmedia&parent=27"}],"curies":[{"name":"wp","href":"https:\/\/api.w.org\/{rel}","templated":true}]}}